test common factor of 20792 and 46.
46
What is the highest common factor of 186 and 9796?
62
Calculate the highest common factor of 564 and 162.
6
What is the highest common factor of 147 and 1281?
21
Calculate the greatest common divisor of 16360 and 80.
40
What is the highest common factor of 29 and 3509?
29
What is the greatest common divisor of 140 and 2625?
35
Calculate the greatest common factor of 1168 and 144.
16
Calculate the greatest common divisor of 972 and 36.
36
What is the highest common divisor of 194 and 2?
2
Calculate the greatest common divisor of 18 and 36.
18
What is the greatest common factor of 3159 and 18?
9
What is the highest common factor of 368 and 253?
23
Calculate the highest common factor of 18 and 1062.
18
What is the highest common factor of 22011 and 253?
253
Calculate the greatest common factor of 273 and 42.
21
Calculate the greatest common factor of 490 and 1862.
98
Calculate the highest common factor of 732 and 12.
12
Calculate the highest common divisor of 70 and 2390.
10
Calculate the greatest common divisor of 16 and 232.
8
What is the highest common factor of 36 and 28?
4
Calculate the highest common factor of 380 and 5.
5
Calculate the greatest common factor of 82 and 2173.
41
What is the highest common factor of 1530 and 750?
30
What is the highest common factor of 210 and 90?
30
What is the greatest common factor of 63 and 357?
21
What is the highest common divisor of 21 and 1337?
7
What is the greatest common factor of 106 and 53?
53
What is the greatest common divisor of 326 and 4?
2
What is the greatest common factor of 29 and 105676?
29
Calculate the greatest common factor of 468 and 1989.
117
Calculate the highest common factor of 215 and 86.
43
What is the greatest common factor of 1464 and 72?
24
What is the greatest common divisor of 852 and 204?
12
Calculate the greatest common divisor of 48 and 10.
2
Calculate the highest common divisor of 331 and 51967.
331
Calculate the greatest common divisor of 558 and 72.
18
Calculate the greatest common divisor of 408 and 840.
24
What is the greatest common divisor of 3627 and 54?
9
What is the greatest common factor of 24 and 13176?
24
Calculate the highest common divisor of 180 and 25470.
90
What is the highest common divisor of 361 and 95?
19
Calculate the greatest common divisor of 12 and 24.
12
Calculate the highest common factor of 2724 and 42.
6
Calculate the highest common factor of 9233 and 14.
7
What is the highest common factor of 1554 and 210?
42
What is the highest common divisor of 168 and 24?
24
What is the greatest common divisor of 84 and 48?
12
What is the greatest common divisor of 476 and 119?
119
What is the greatest common factor of 328 and 16?
8
What is the highest common divisor of 72 and 45?
9
Calculate the highest common divisor of 7754 and 6.
2
Calculate the highest common divisor of 4 and 486.
2
Calculate the highest common divisor of 34 and 8959.
17
Calculate the greatest common factor of 67 and 1541.
67
Calculate the highest common divisor of 80 and 410.
10
What is the greatest common factor of 134 and 402?
134
What is the greatest common divisor of 3060 and 5?
5
What is the highest common factor of 8 and 36?
4
What is the greatest common factor of 372 and 1176?
12
What is the highest common factor of 10404 and 468?
36
Calculate the greatest common factor of 87 and 29.
29
What is the highest common divisor of 48 and 3848?
8
Calculate the greatest common factor of 936 and 144.
72
What is the highest common factor of 845 and 39?
13
What is the greatest common divisor of 8 and 248?
8
What is the greatest common factor of 17 and 3587?
17
Calculate the highest common divisor of 49 and 168217.
49
What is the highest common factor of 2 and 58?
2
What is the greatest common factor of 8 and 24?
8
Calculate the greatest common factor of 272 and 88.
8
What is the highest common divisor of 45 and 75?
15
What is the greatest common factor of 24 and 1956?
12
What is the highest common factor of 15 and 24?
3
What is the highest common factor of 34 and 119?
17
Calculate the highest common factor of 44 and 83908.
44
Calculate the greatest common divisor of 198 and 3.
3
Calculate the highest common factor of 27 and 3357.
9
What is the greatest common divisor of 10 and 2000?
10
Calculate the greatest common divisor of 30 and 310.
10
What is the highest common divisor of 1398 and 9?
3
Calculate the highest common factor of 728 and 4186.
182
Calculate the highest common divisor of 9 and 144.
9
Calculate the highest common divisor of 950 and 350.
50
Calculate the greatest common divisor of 25 and 7925.
25
Calculate the highest common factor of 4725 and 175.
175
Calculate the greatest common divisor of 272 and 8.
8
Calculate the highest common factor of 24 and 5992.
8
What is the greatest common factor of 18 and 1212?
6
What is the highest common divisor of 162 and 6?
6
What is the greatest common factor of 104 and 1000?
8
Calculate the highest common factor of 4680 and 7410.
390
Calculate the greatest common factor of 6 and 3750.
6
Calculate the greatest common factor of 153 and 288.
9
What is the greatest common divisor of 968 and 16?
8
What is the greatest common divisor of 140 and 40?
20
What is the greatest common factor of 35 and 1015?
35
What is the highest common factor of 279 and 496?
31
Calculate the highest common divisor of 40 and 4820.
20
Calculate the greatest common factor of 23 and 437.
23
Calculate the greatest common divisor of 132 and 352.
44
What is the highest common factor of 16 and 80?
16
What is the greatest common factor of 10 and 430?
10
What is the highest common divisor of 44 and 1738?
22
What is the highest common divisor of 80 and 3640?
40
What is the greatest common divisor of 3888 and 9?
9
Calculate the greatest common divisor of 125 and 30000.
125
What is the highest common divisor of 247 and 208?
13
What is the greatest common factor of 2106 and 78?
78
Calculate the greatest common divisor of 815 and 1467.
163
What is the highest common divisor of 122 and 183?
61
What is the greatest common factor of 25 and 55?
5
Calculate the greatest common factor of 124 and 992.
124
Calculate the highest common factor of 2077 and 201.
67
What is the highest common factor of 13 and 481?
13
What is the highest common factor of 1111 and 11?
11
Calculate the greatest common divisor of 4290 and 312.
78
Calculate the greatest common divisor of 25994 and 82.
82
Calculate the highest common factor of 20 and 265.
5
Calculate the greatest common factor of 1112 and 8.
8
Calculate the highest common factor of 33682 and 11.
11
What is the highest common factor of 285 and 165?
15
Calculate the highest common factor of 79 and 158.
79
What is the highest common factor of 14 and 11774?
14
Calculate the greatest common factor of 3 and 7311.
3
What is the highest common divisor of 168 and 42?
42
What is the greatest common factor of 42 and 1029?
21
What is the highest common factor of 988 and 4484?
76
What is the greatest common divisor of 560 and 70?
70
What is the highest common factor of 66 and 495?
33
What is the greatest common divisor of 1550 and 279?
31
What is the highest common factor of 171 and 576?
9
What is the highest common factor of 31 and 341?
31
What is the highest common factor of 60 and 200?
20
Calculate the greatest common factor of 64 and 272.
16
Calculate the highest common factor of 1215 and 45.
45
What is the greatest common divisor of 324 and 72?
36
Calculate the greatest common factor of 76688 and 16.
16
Calculate the highest common factor of 13725 and 1350.
225
Calculate the greatest common divisor of 10412 and 57.
19
What is the greatest common divisor of 134 and 9514?
134
What is the highest common divisor of 22414 and 7?
7
Calculate the greatest common divisor of 192 and 108.
12
What is the highest common divisor of 351 and 13?
13
What is the highest common factor of 80 and 2056?
8
Calculate the greatest common divisor of 65 and 2080.
65
What is the highest common factor of 437 and 23?
23
Calculate the greatest common factor of 592 and 48.
16
Calculate the greatest common divisor of 717 and 5975.
239
What is the greatest common divisor of 388 and 52?
4
What is the highest common divisor of 6 and 1083?
3
Calc